 -11. Let t be 1*1/h*25. Suppose -4*v + 54 + 10 = 5*y, t*y = 2*v - 2. Calculate the greatest common factor of 121 and v.
11
Let v = 102 - 52. Let b(p) be the third derivative of -p**5/60 - p**4/4 + 5*p**3/6 - 34*p**2. Let z be b(-6). Calculate the highest common divisor of v and z.
5
Let s(a) be the second derivative of a**5/10 - a**4/12 - a**3/3 + a + 43. Let k be s(2). Calculate the greatest common divisor of 80 and k.
8
Let f = -383 + 610. Suppose 162 - f = -13*l. Calculate the highest common factor of l and 40.
5
Let i(s) = s**2 - 14*s + 33. Let n = -64 + 77. Let h be i(n). What is the greatest common divisor of h and 80?
20
Let m(s) = 6*s**3 + 108*s**2 + 4*s + 95. Let k be m(-18). Suppose 4*l - 848 = 7*q - 2*q, -2*l + q + 418 = 0. What is the greatest common factor of l and k?
23
Let h = -92 - -103. Suppose h*c - 31*c = -1900. Calculate the greatest common factor of c and 57.
19
Suppose -14*b = -21*b + 182. Calculate the greatest common factor of b and 1404.
26
Suppose y + 5*y = 84. Suppose -5*h + j = 246, 132 = -3*h - j - y. Let v = -29 - h. Calculate the greatest common factor of v and 100.
20
Suppose 2*h = 2*p - h - 567, -4*p - 3*h + 1125 = 0. Let z = 498 - p. Let o be (4/4)/(196/96 - 2). What is the highest common factor of z and o?
24
Let x = 647 - 644. Suppose x*c - 5*h = 30, -4 = -2*c - 5*h + 16. Let a(m) = -13*m - 1. Let i be a(-2). Calculate the highest common factor of c and i.
5
Let f(r) = -r + r + 2*r + 10*r + 38. Let m be f(4). Calculate the greatest common factor of 215 and m.
43
Let t = -20258 - -20262. What is the greatest common divisor of 7156 and t?
4
Let u(l) = 2*l + 130. Let o be u(-29). Let i be -2*5*7/((-140)/o). Calculate the highest common divisor of i and 36.
36
Suppose 0*q + 0*q + 2496 = 13*q. What is the greatest common divisor of 132 and q?
12
Suppose 0 = 72*j - 74*j + 3*q + 433, -3*j + 4*q + 647 = 0. What is the greatest common factor of j and 6688?
209
Let w = -216 - -78. Let f be 175/(-55) + 3 - w/33. Let u be 12/5 - 10/25. Calculate the highest common factor of f and u.
2
Let h = 32 + -27. Let i(a) = a**3 - 3*a**2 - 9*a - 3. Let g be i(h). Let l be 21*g/(-9)*-6. What is the greatest common factor of l and 7?
7
Let u(o) = 2*o**3 + 105*o**2 + 1007*o + 42. Let c be u(-38). What is the highest common divisor of 44 and c?
44
Let c = 20429 - 19085. What is the highest common factor of c and 63?
21
Suppose -50*i + 1000 + 1800 = 0. Let b be (i/4)/(-14) + 187 + 0. Calculate the highest common factor of b and 6.
6
Suppose 0 = -21*o + 33 + 114. Suppose 23 + 12 = o*s. What is the highest common factor of 85 and s?
5
Suppose -6 = 2*o - 12. Suppose 3*n + 2*v = 56, 0 = 2*n - o*n + 3*v + 15. Suppose n = s - 16. Calculate the highest common factor of s and 306.
34
Let u be (-4)/6*-6*(-1)/(-2). Let x be (2 + -2 + u + -14)*-5. Calculate the highest common factor of x and 12.
12
Suppose 3*r + 62 = 4*l, -5*l - 5*r - 27 + 52 = 0. Calculate the greatest common divisor of 25 and l.
1
Let q be 15/(3/5 + 63/270). What is the greatest common divisor of 90 and q?
18
Suppose -720 - 135 = -5*x. Suppose 3*w + 2*h - 103 = 0, 2*w + 3*w + 4*h = x. Let p be 735/6*(-194)/(-679). Calculate the greatest common factor of p and w.
35
Suppose 3*w - 300 = 2*x, -x + 282 = 3*w - 0*w. Calculate the greatest common factor of 64 and w.
32
Let h = -19 + 19. Suppose -6*v + 7*v - 27 = h. Suppose -m + 15 = -v. Calculate the greatest common factor of m and 28.
14
Let p be 200/(-10)*(-10 + -2 + -3). Let c = p + -243. Calculate the greatest common divisor of c and 133.
19
Let l be ((-29)/58)/(1/(-66)). Let z = l - -103. Calculate the highest common divisor of z and 17.
17
Let v(h) = 6*h**2 + 18*h + 59. Let x be v(-3). Suppose d - 163 = -x. Let i be (-5 - -5) + 1*13. Calculate the highest common factor of d and i.
13
Let o be (306/15)/((-505)/1525*3 + 1). Calculate the greatest common divisor of 122 and o.
61
Let m = -8434 + 8446. Calculate the greatest common factor of 35064 and m.
12
Let i(a) = 36*a. Let o be i(1). Let u be 2/5 + (-468)/(-30). Suppose -o = -18*q + u*q. Calculate the highest common divisor of 6 and q.
6
Let j(x) = 2*x**2 - 22*x + 57. Let b be j(4). Suppose -2*t + 108 = 2*t. What is the highest common divisor of t and b?
1
Suppose 2*w - 5*a - 255 = 0, -51*w - a = -55*w + 519. Calculate the greatest common factor of 320 and w.
10
Let r be 0 + 0 - 2 - -22. Let k(n) = 14*n - 77. Let d be k(6). Suppose 3*u = d*u - r. Calculate the highest common factor of 5 and u.
5
Suppose 19*b + 3171 = 26*b. Suppose 16*r - 15*r = 4*u - 623, b = 3*u + 4*r. What is the highest common factor of 62 and u?
31
Let y(j) = 3*j**2 - 43*j - 15. Suppose -b = -n + 6*n - 35, 0 = 5*b - 4*n - 59. Let l be y(b). Let q = 15 + -9. Calculate the highest common divisor of q and l.
3
Let a(v) = 8*v - 8. Let f be a(6). Let l(b) = 135*b**2 + 11068*b - 52. Let i be l(-82). What is the highest common factor of i and f?
8
Let u(d) = -d**2 + 24. Let g be u(11). Let a = -86 - g. Suppose 6*l - 2*l = -12, 3*l + 394 = 5*v. Calculate the greatest common divisor of a and v.
11
Let h be (-13 - (-207 + -17))*1*3. Let d = -559 + h. Calculate the greatest common factor of d and 74.
74
Suppose 0 = 3*o + 5*v - 759, -1203 = -5*o - 3*v + 5*v. What is the highest common factor of o and 162?
81
Suppose 4*t + 7*f = 570, 5*t - 672 = 69*f - 71*f. Calculate the greatest common factor of t and 10263.
33
Let j(s) = 86*s**2 - 379*s + 19. Let a be j(10). What is the greatest common divisor of a and 22?
11
Let g = 192 - -700. What is the highest common factor of 4 and g?
4
Let x(h) = -h**2 - 60*h - 327. Let v be x(-16). What is the highest common factor of 319 and v?
29
Suppose 5*a + 0*z - 20 = 5*z, 5*a = -4*z + 2. Let l be (-1)/a - (-1760)/64. Calculate the highest common divisor of 27 and l.
27
Suppose -2560 = -577*y + 561*y. Calculate the highest common factor of 14240 and y.
160
Let s be (18 - 100/6)/(22/594). Let t be (-1 - (-5)/2)*66. What is the greatest common factor of t and s?
9
Let r(i) = -35*i - 1065. Let t be r(-31). Calculate the highest common factor of t and 50.
10
Let b be 3 + -2 + (3 - 6) + 2. Suppose b = -5*w + 146 + 304. Calculate the highest common divisor of w and 135.
45
Let n(l) = 30*l + 157. Let f be n(30). Suppose -792 = -5*a + 2*a - w, -w = 4*a - f. What is the greatest common divisor of 53 and a?
53
Let x(i) = -13*i + 103. Let w be x(-14). Let z = -234 + w. Calculate the highest common divisor of 9 and z.
3
Let w(k) = k**2 + 75*k + 1391. Let f be w(-30). Calculate the highest common divisor of f and 71627.
41
Suppose -276*a + 275*a = 2*v - 2538, 0 = 2*a - 4*v - 5124. What is the highest common factor of a and 675?
75
Let l(x) = -19*x - 112. Let g = -65 + 57. Let z be l(g). Calculate the highest common divisor of z and 320.
40
Let z(t) = t**2 + 38*t + 148. Let s be z(-34). Suppose 1 = -q, x + s*q - 46 = 10*q. Suppose 0 = -2*k + 105 - 9. What is the highest common factor of x and k?
48
Suppose 5*f - 216*d - 1296 = -212*d, -2*f = 5*d - 558. Calculate the greatest common factor of 21912 and f.
264
Let y(l) be the second derivative of -4*l**3/3 - 41*l**2/2 - l - 63. Let h be y(-7). What is the highest common factor of 285 and h?
15
Let n(c) = 7*c + 68. Suppose 3*w + 9 = 2*w. Let i be n(w). Calculate the greatest common divisor of 85 and i.
5
Suppose -14 = -3*h - 2. Let g(x) = 6 - 7 - 12*x + 4 - 1 + 15*x. Let o be g(h). Calculate the greatest common divisor of 2 and o.
2
Suppose 180573 = -22*l + 472623. Calculate the highest common divisor of l and 59.
59
Let n = 479 + -984. Let h = n + 555. Calculate the highest common factor of 8 and h.
2
Let c(f) = 2*f**2 + 170*f + 637. Let x be c(-89). Calculate the highest common divisor of x and 171.
19
Let a = -4992 - -809. Let z = 6152 + a. Calculate the greatest common factor of 11 and z.
11
Let t(y) = -y**2 + 13*y + 45. Let m be t(12). Let z = -41 + m. Let v be (-6)/(-27) + 860/18. Calculate the highest common divisor of z and v.
16
Let m(o) = -19*o - 7 + 37 + 91*o - 40*o. Let w be m(10). What is the highest common factor of w and 20?
10
Suppose -5*t = 599 - 1599. Let m(i) = -5*i**2 - 122*i + 72. Let z be m(-22). Let h = z - t. Calculate the highest common divisor of 8 and h.
8
Let k = 4464 - 4449. What is the highest common factor of 870 and 